
Let w = -59 + 61. Is 9/(w + -20) - 218/(-4) a multiple of 5?
False
Let s be (-1)/(12/1899) - (-1)/4. Let p = s + 337. Does 10 divide p?
False
Suppose 194 = 3*o - 3*x + 203, 4*o + x + 27 = 0. Does 5 divide ((40/o)/(-4))/(1/24)?
True
Suppose -5*w = -x - 14, -2*x = 4*w - 0*w - 14. Let i = 4470 - 4546. Does 15 divide x + (-1 - i - 1)?
True
Let j(x) be the third derivative of x**4 + 3*x**3/2 - x**2 - 14*x. Is j(4) a multiple of 25?
False
Suppose 166*y + 22*y - 1756582 = -123990. Is y a multiple of 51?
False
Let i be (11 - 5) + (-2 - (3 + -1)). Let n be (-253*i - -5)/(0 + -1). Suppose -5*u - 3*q = -497, -4*u + 4*q - n = -9*u. Does 16 divide u?
False
Let f(y) = 1555*y + 65. Does 15 divide f(4)?
True
Suppose 20721 = 4*p + 9*d - 6*d, 3*d = -3*p + 15540. Is 157 a factor of p?
True
Let z(c) = 7*c + 139. Let u be z(-11). Does 57 divide u/(-279) - 5278/(-18)?
False
Let d be (6 + -3 - 5)/((-4)/22). Let b(x) = x**2 + 3*x + 8. Let h be b(d). Let v = h + -60. Is v a multiple of 34?
True
Suppose 2*l + 7 = l - c, -5*l + 4*c - 17 = 0. Let x(d) = 7*d**2 + 8*d + 19. Is x(l) a multiple of 14?
True
Suppose -2*l = -38*n + 37*n + 6277, 25086 = 4*n + 3*l. Does 123 divide n?
True
Suppose -99*y + 130*y - 174127 = 0. Is 41 a factor of y?
True
Suppose -o + 2686 = -3*q - 84, -3*q = -4*o + 11044. Is 5 a factor of o?
False
Let h(k) = 6271*k - 2. Is h(2) a multiple of 95?
True
Let d(m) = 24 - 5*m + 162*m**2 - 134*m**2 - m. Is d(4) a multiple of 8?
True
Let f(m) = -m + 30. Let r = 93 - 82. Let p(s) = -2*s**3 + 20*s**2 + 25*s - 16. Let z be p(r). Does 2 divide f(z)?
False
Let r = 4129 + 2364. Is r a multiple of 43?
True
Let i be (26 - 0 - -1) + (-2)/(-2). Suppose 2*r + 5*k + 23 = 0, -i = 3*r - 0*k + k. Does 6 divide ((-15)/r)/((-5)/(-90))?
True
Suppose -6*i + 170 = -358. Suppose 3*b - 64 = -i. Is 17 a factor of ((-2)/(-3))/(b/(-348))?
False
Suppose 0 = -a + 124 + 248. Suppose 4*c + 136 = a. Suppose 0 = -57*g + c*g - 480. Does 30 divide g?
True
Suppose -10 = 8*i - 6*i. Does 9 divide (i + (-77)/(-4))*(-3 + 19)?
False
Suppose 2*g + 2*q - 8458 = 5*q, -16932 = -4*g + 2*q. Is 55 a factor of g?
True
Suppose 31 - 7 = 3*l. Let z be ((-20)/l)/((-2)/4). Suppose -2*u + u = 3*v - 142, z*u - v - 726 = 0. Does 16 divide u?
False
Suppose 0 = 5*a + 19*c - 71702, 2*c + 10167 + 18437 = 2*a. Is a a multiple of 90?
True
Let n = -12507 + 14099. Does 20 divide n?
False
Suppose -2476 - 6829 = -5*o. Is 7 a factor of o?
False
Suppose -271*h + 380*h = 357520. Is 41 a factor of h?
True
Suppose -2*i - i + 2334 = 5*h, 5*h - 2346 = 3*i. Suppose -369 = -2*o - 3*m, -2*o + h = 5*m + 105. Is 21 a factor of o?
True
Let t be ((-6)/9)/((-22)/2739). Suppose -687 = -11*n + t. Is 10 a factor of n?
True
Suppose 0 = -5*t + 29*g - 32*g + 951, 2*t + g = 381. Suppose 0 = -194*q + t*q + 540. Is 5 a factor of q?
True
Suppose 88 = 4*n + 3*s, 4*s = -2*n - 33 + 67. Let q be (-416)/(-14) + (-4)/(-14). Let u = q - n. Does 2 divide u?
False
Let k = 1361 - 1265. Let z(w) = -2*w**2 - 3*w + 2. Let h be z(-6). Let a = k + h. Is 11 a factor of a?
True
Suppose 9*a + 145 = 37. Does 87 divide 136500/112 - (-9)/a?
True
Is 132 a factor of (-111)/(((-2)/6)/((-552)/(-108)))?
False
Let g(r) = -582*r - 2336. Let i be g(-4). Let j(p) = 2*p**2 - 4*p - 13 - 3*p + 1. Does 10 divide j(i)?
False
Let s = -23068 - -40890. Is 38 a factor of s?
True
Suppose 0 = -24*p + 153187 + 31493. Is p a multiple of 135?
True
Suppose 496 = 2*q + 4*t - 12824, -5*q = 5*t - 33315. Is q a multiple of 66?
True
Let f(v) = -165*v**3 - 2*v**2 - 5*v - 2. Let l be f(-1). Suppose 26*b - l = 6854. Is b a multiple of 27?
True
Let q(f) = f**2 - 3*f + 2 + 6*f - 6 + 6. Let c be q(-1). Suppose -3*g - 5*w = -c*g - 242, 69 = g + 4*w. Does 20 divide g?
False
Suppose 15*u - 3*t = 18*u - 33, -5*u + 105 = -5*t. Suppose -r + 492 - u = 0. Is 17 a factor of r?
True
Suppose -2*z + 3*o = -10605, -2*o = 243*z - 242*z - 5285. Is z a multiple of 15?
True
Let l be (-8)/36 - (-627)/27. Let m = 1567 + -1328. Suppose 8*u - m = -l. Does 3 divide u?
True
Suppose 11 - 236 = 2*k - d, 5*k + d + 552 = 0. Is 10/(-2) + (-1 - k) a multiple of 15?
True
Let z(y) = -y**3 + 13*y**2 + 2*y - 6. Let m be (1 + 8/2)/1. Suppose 0 = -m*c + 50 + 15. Does 2 divide z(c)?
True
Suppose -5*t + 619 = -5*i - 1111, -5*i = -4*t + 1384. Let b = t - 122. Suppose -b = -3*n - n. Is n a multiple of 14?
True
Suppose 3*y + 3*y + 18 = 0. Let m be (y/3)/(6/(-198)). Let k = -9 + m. Does 8 divide k?
True
Let q(h) = 7*h + 15. Let j be q(3). Is 24 a factor of (-50)/j*-74 + 80/360?
False
Let g be 1054/10 - ((-16)/(-40) - 0). Suppose -40 = -4*h + 2*w + 350, h = 3*w + g. Is 31 a factor of h?
False
Let w(s) be the second derivative of s**5/20 - 7*s**4/12 + 7*s**3/6 + s**2/2 - 8*s. Let l be w(6). Let g(z) = 2*z**2 - 9*z - 9. Is 7 a factor of g(l)?
False
Let x = 61 - 58. Let u(t) = 4*t**2 + 7*t**2 + 2*t + x - 4*t**2. Is u(3) a multiple of 36?
True
Let o = 857 + -814. Suppose -35*q - 3024 = -o*q. Is q a multiple of 42?
True
Let c(r) = -r**3 - 12*r**2 - 46*r + 20. Is c(-10) a multiple of 28?
True
Let z = 27043 + -23869. Does 6 divide z?
True
Let s = 24 + -23. Let j(d) = -201*d**2. Let l be j(s). Let g = -85 - l. Is 29 a factor of g?
True
Let t be -3 - (-6416)/36 - (-6)/(-27). Suppose -5*d + 6*d = -3*q + 279, 3*d + t = 2*q. Is 6 a factor of q?
False
Let p(h) = 10551*h**2 - 28*h + 25. Is 36 a factor of p(1)?
True
Let j be (-1 + 0 + 7)/2. Suppose -5*c - 20 = h, 3*h - 8*c + 10*c - 5 = 0. Suppose 5*k + 6*x - 354 = h*x, 0 = 2*k - j*x - 128. Does 14 divide k?
True
Is 62 a factor of (258/(-15))/(17/(-274040)*8)?
True
Suppose 33*z = -211*z + 4606964. Does 4 divide z?
False
Let h = -759 + 770. Suppose -842 = -3*w + 7*q - h*q, w - 283 = q. Does 6 divide w?
True
Let b be (1/2)/(5/(-330)). Let a be (5/1)/(4913/(-714) + 7). Let l = b + a. Is 9 a factor of l?
True
Let o(v) = -v**3 - 17*v**2 - 26*v - 37. Let y be (-126)/84*(-64)/(-6). Is o(y) a multiple of 6?
False
Let p(j) = 5*j - 14. Let z(c) = 11*c - 29. Let b(d) = 7*p(d) - 3*z(d). Let h be b(7). Suppose -2*u - 34 = -h*u. Does 5 divide u?
False
Suppose 22*r - 21 = 19*r. Suppose 0 = r*z + 6*z - 559. Is z a multiple of 6?
False
Suppose 4*q = 8*l - 12*l + 104, -3*l - 4*q + 83 = 0. Suppose -3*s - 2*f = -17, 3*s + 3*f + 3 = 15. Suppose l + s = 2*n. Is n a multiple of 2?
False
Let s(h) = 16*h**2 + 31*h - 120. Let l(f) = 3*f**2 + 6*f - 24. Let g(t) = 11*l(t) - 2*s(t). Is g(6) a multiple of 18?
True
Suppose -2*i + 1 = -9. Suppose i*n + 3*k = 289, 2*n + 159 = 5*n - 3*k. Is n a multiple of 7?
True
Suppose 4*y + 32 = 6*g - 4*g, 3*g = -y + 13. Suppose -4*b + g*b - 8 = 0. Suppose -2*p - 1 = 4*a + 3, 0 = -2*p + b*a + 36. Does 4 divide p?
True
Suppose -67518 = 812*w - 834*w. Is 9 a factor of w?
True
Let w = 200 - 209. Let i = 385 + w. Is 47 a factor of i?
True
Is 5 a factor of (-69126)/(-38) - ((-152)/(-228))/(19/3)?
False
Let i = 715 - 1019. Let z be (-30)/(-45) + i/(-3). Suppose 42 = 3*o - z. Is o a multiple of 8?
True
Suppose 3*p = 8*p - 3*w - 2538, 0 = p - 3*w - 498. Is 10 a factor of p?
True
Is -245*(-11 + (8 - 17)) a multiple of 30?
False
Let i = 372 - 367. Suppose 0 = -2*n + 2*a + 704 + 394, -i*a = 20. Does 24 divide n?
False
Suppose 50 = 4*n - 3*r, 10*n + 5*r = 9*n + 1. Suppose -n*q - 3010 = -18*q. Does 10 divide q?
True
Let h = -32182 + 53112. Does 130 divide h?
True
Let r(t) = -4*t + 7. Let h be r(-3). Suppose h = i - 44. Suppose 4*y - 375 = -i. Is 6 a factor of y?
True
Let j(x) = -x**2 - 8*x - 2. Let g be j(-4). Let l = g - -53. Is 67 a factor of l?
True
Suppose -2*i - 4*c = -15950, 14*i = 15*i - 2*c - 7971. Is i a multiple of 188?
False
Let o = 329 + -337. Let x be (2/(-4))/(1/(-2)). Is 30*x*o/(-3) a multiple of 10?
True
Let p(k) = 15*k + 2. Let u = -46 + 38. Let x be p(u). Let n = -46 - x. Is n a multiple of 36?
True
Let p be 8/2 + 83 - 1. Let q = p + -26. Is 3 a factor of (72/q)/((-6)/(-40))?
False
Suppose -3*i + 11 = -43. Suppose 0 = 24*w - i*w - 1464. Let b = w - 139. Is b a multiple of 21?
True
Let p = -525 - -1965. Is p a multiple of 15?
True
Suppose 24*d - 72*d = 28*d - 6156. Is d a multiple of 10?
False
Suppose 226*v - 195 = 213*v. Let b(x) = 38*x + 88. Is 47 a factor of b(v)?
True
Let w(d) = 129*d - 146. Is w(26) a multiple of 24?
False
Let p = -331 + 310. Is 61 a factor of 2/((-28)/p)*366?
True
Let p(l)